{"id":1456,"date":"2026-02-17T22:36:35","date_gmt":"2026-02-17T22:36:35","guid":{"rendered":"https:\/\/workgroups.cl\/?page_id=1456"},"modified":"2026-02-26T01:15:58","modified_gmt":"2026-02-26T01:15:58","slug":"ayuda-social","status":"publish","type":"page","link":"https:\/\/cpdiseno.cl\/index.php\/ayuda-social\/","title":{"rendered":"AYUDA SOCIAL"},"content":{"rendered":"\n<p class=\"wp-block-paragraph\"><\/p>\n\n\n\n<div class=\"wp-block-columns animated backInLeft is-layout-flex wp-container-core-columns-is-layout-8f761849 wp-block-columns-is-layout-flex\">\n<div class=\"wp-block-column has-medium-font-size is-layout-flow wp-block-column-is-layout-flow\" style=\"flex-basis:100%\">\n<p class=\"has-text-align-left has-medium-font-size wp-block-paragraph\"><strong>Nuestra Empresa al servicio de la Comunidad<\/strong><\/p>\n\n\n\n<p class=\"has-medium-font-size wp-block-paragraph\"><strong>WORKGROUPS<\/strong> realiza semestralmente una auditor\u00eda gratuita a una comunidad que no cuente con los recursos econ\u00f3micos, previa selecci\u00f3n del caso.<\/p>\n\n\n\n<p class=\"has-medium-font-size wp-block-paragraph\">Este servicio es mediante postulaci\u00f3n. Los interesados pueden escribir al correo <strong>probono@workgroups.cl<\/strong> exponiendo la situaci\u00f3n.<\/p>\n<\/div>\n\n\n\n<div class=\"wp-block-column is-vertically-aligned-stretch has-medium-font-size is-layout-flow wp-block-column-is-layout-flow\" style=\"flex-basis:100%\">\n<figure class=\"wp-block-image o-sticky o-sticky-scope-main-area o-sticky-pos-top o-sticky-bhvr-keep backInLeft slower is-style-default\"><img decoding=\"async\" src=\"https:\/\/workgroups.cl\/wp-content\/uploads\/2026\/02\/oficina1-1024x682.jpg\" alt=\"\" class=\"wp-image-1379\" style=\"aspect-ratio:16\/9;object-fit:cover\"\/><\/figure>\n<\/div>\n<\/div>\n\n\n\n<p class=\"has-medium-font-size wp-block-paragraph\"><\/p>\n\n\n\n<p class=\"wp-block-paragraph\"><\/p>\n\n\n\n<p class=\"has-medium-font-size wp-block-paragraph\"><\/p>\n\n\n\n<p class=\"wp-block-paragraph\"><\/p>\n\n\n\n<p class=\"has-palette-color-4-color has-text-color has-link-color has-medium-font-size wp-elements-e16e8c32b3560dfd77bb0caa8534817d wp-block-paragraph\"><\/p>\n\n\n\n<p class=\"wp-block-paragraph\"><\/p>\n\n\n\n<p class=\"has-palette-color-4-color has-text-color has-link-color has-medium-font-size wp-elements-e16e8c32b3560dfd77bb0caa8534817d wp-block-paragraph\"><\/p>\n\n\n\n<p class=\"wp-block-paragraph\"><\/p>\n","protected":false},"excerpt":{"rendered":"<p>Nuestra Empresa al servicio de la Comunidad WORKGROUPS realiza semestralmente una auditor\u00eda gratuita a una comunidad que no cuente con los recursos econ\u00f3micos, previa selecci\u00f3n&hellip;<\/p>\n","protected":false},"author":1,"featured_media":0,"parent":0,"menu_order":5,"comment_status":"closed","ping_status":"closed","template":"","meta":{"_crdt_document":"","footnotes":""},"class_list":["post-1456","page","type-page","status-publish","hentry"],"_links":{"self":[{"href":"https:\/\/cpdiseno.cl\/index.php\/wp-json\/wp\/v2\/pages\/1456","targetHints":{"allow":["GET"]}}],"collection":[{"href":"https:\/\/cpdiseno.cl\/index.php\/wp-json\/wp\/v2\/pages"}],"about":[{"href":"https:\/\/cpdiseno.cl\/index.php\/wp-json\/wp\/v2\/types\/page"}],"author":[{"embeddable":true,"href":"https:\/\/cpdiseno.cl\/index.php\/wp-json\/wp\/v2\/users\/1"}],"replies":[{"embeddable":true,"href":"https:\/\/cpdiseno.cl\/index.php\/wp-json\/wp\/v2\/comments?post=1456"}],"version-history":[{"count":17,"href":"https:\/\/cpdiseno.cl\/index.php\/wp-json\/wp\/v2\/pages\/1456\/revisions"}],"predecessor-version":[{"id":2247,"href":"https:\/\/cpdiseno.cl\/index.php\/wp-json\/wp\/v2\/pages\/1456\/revisions\/2247"}],"wp:attachment":[{"href":"https:\/\/cpdiseno.cl\/index.php\/wp-json\/wp\/v2\/media?parent=1456"}],"curies":[{"name":"wp","href":"https:\/\/api.w.org\/{rel}","templated":true}]}}