{"id":1217,"date":"2026-02-14T15:03:07","date_gmt":"2026-02-14T15:03:07","guid":{"rendered":"https:\/\/workgroups.cl\/?page_id=1217"},"modified":"2026-02-25T19:07:37","modified_gmt":"2026-02-25T19:07:37","slug":"quienes-somos","status":"publish","type":"page","link":"https:\/\/cpdiseno.cl\/index.php\/quienes-somos\/","title":{"rendered":"QUI\u00c9NES SOMOS"},"content":{"rendered":"\n<div class=\"wp-block-media-text is-stacked-on-mobile is-vertically-aligned-center is-image-fill-element\" style=\"grid-template-columns:37% auto\"><figure class=\"wp-block-media-text__media\"><img decoding=\"async\" src=\"https:\/\/workgroups.cl\/wp-content\/uploads\/2026\/02\/4-1-683x1024.png\" alt=\"\" class=\"wp-image-1620 size-full\" style=\"object-position:50% 50%\"\/><\/figure><div class=\"wp-block-media-text__content\">\n<p class=\"has-medium-font-size wp-block-paragraph\">En <strong>WORKGROUPS<\/strong> contamos con m\u00e1s de 20 a\u00f1os de trayectoria especializada en auditor\u00edas para comunidades. Nuestro trabajo est\u00e1 enfocado en promover la transparencia, la eficiencia y la mejora continua en la gesti\u00f3n de cada condominio.<\/p>\n\n\n\n<p class=\"wp-block-paragraph\"><\/p>\n\n\n\n<p class=\"has-medium-font-size wp-block-paragraph\">Entendemos que una administraci\u00f3n clara, ordenada y bien supervisada es clave para la tranquilidad de copropietarios y comit\u00e9s de administraci\u00f3n. Por eso, ofrecemos auditor\u00edas integrales que eval\u00faan la gesti\u00f3n operativa, financiera, tributaria y de Recursos Humanos, entregando informaci\u00f3n precisa, an\u00e1lisis detallado y recomendaciones concretas que fortalecen la toma de decisiones.<\/p>\n<\/div><\/div>\n\n\n\n<p class=\"wp-block-paragraph\"><\/p>\n\n\n\n<p class=\"has-medium-font-size wp-block-paragraph\" style=\"margin-top:var(--wp--preset--spacing--50);margin-right:0;margin-bottom:var(--wp--preset--spacing--50);margin-left:0\"><strong>\u00bfPor qu\u00e9 elegir WORKGROUPS?<\/strong><\/p>\n\n\n\n<p class=\"has-medium-font-size wp-block-paragraph\" style=\"margin-top:var(--wp--preset--spacing--50);margin-right:0;margin-bottom:var(--wp--preset--spacing--50);margin-left:0\"><strong>Experiencia comprobada<\/strong><\/p>\n\n\n\n<p class=\"has-medium-font-size wp-block-paragraph\">M\u00e1s de 20 a\u00f1os de trayectoria en auditor\u00edas para comunidades que respaldan nuestro trabajo. Conocemos en profundidad la normativa, los procesos administrativos y los desaf\u00edos reales que enfrentan los condominios.<\/p>\n\n\n\n<p class=\"has-medium-font-size wp-block-paragraph\" style=\"margin-top:var(--wp--preset--spacing--50);margin-right:0;margin-bottom:var(--wp--preset--spacing--50);margin-left:0\"><strong>Especializaci\u00f3n en condominios<\/strong><\/p>\n\n\n\n<p class=\"has-medium-font-size wp-block-paragraph\">Somos una auditor\u00eda especializada. Estamos enfocados en comunidades y edificios, lo que nos permite entregar diagn\u00f3sticos precisos y soluciones ajustadas a esta realidad espec\u00edfica.<\/p>\n\n\n\n<p class=\"has-medium-font-size wp-block-paragraph\" style=\"margin-top:var(--wp--preset--spacing--50);margin-right:0;margin-bottom:var(--wp--preset--spacing--50);margin-left:0\"><strong>Atenci\u00f3n personalizada<\/strong><\/p>\n\n\n\n<p class=\"has-medium-font-size wp-block-paragraph\">Cada comunidad tiene caracter\u00edsticas y necesidades distintas. Dise\u00f1amos cada auditor\u00eda en funci\u00f3n del tama\u00f1o, complejidad y requerimientos del Comit\u00e9 de Administraci\u00f3n.<\/p>\n\n\n\n<p class=\"has-medium-font-size wp-block-paragraph\"><strong>Propuestas claras y proporcionales<\/strong><\/p>\n\n\n\n<p class=\"has-medium-font-size wp-block-paragraph\">Nuestros honorarios son competitivos y ajustados a la realidad de cada comunidad, asegurando una inversi\u00f3n eficiente y coherente con el alcance del servicio.<\/p>\n\n\n\n<p class=\"has-medium-font-size wp-block-paragraph\"><strong>Independencia y objetividad<\/strong><\/p>\n\n\n\n<p class=\"has-medium-font-size wp-block-paragraph\">Trabajamos con absoluta confidencialidad y criterio profesional, entregando informes claros, fundamentados y orientados a la toma de decisiones estrat\u00e9gicas.<\/p>\n\n\n\n<p class=\"has-medium-font-size wp-block-paragraph\"><strong>Ventajas Competitivas Frente al Mercado<\/strong><\/p>\n\n\n\n<p class=\"has-medium-font-size wp-block-paragraph\">En <strong>WORKGROUPS<\/strong> entendemos que hoy la gesti\u00f3n de un condominio depende en gran medida de los sistemas tecnol\u00f3gicos que utiliza la administraci\u00f3n. Por eso, una de nuestras principales ventajas es el conocimiento y manejo de los softwares m\u00e1s utilizados en el mercado, tales como Kastor, Comunidad Feliz, Edifito, Edipro, entre otros.<\/p>\n\n\n\n<p class=\"has-medium-font-size wp-block-paragraph\">Este conocimiento nos permite ir m\u00e1s all\u00e1 de la revisi\u00f3n documental tradicional. No solo auditamos los respaldos f\u00edsicos o digitales, sino tambi\u00e9n la informaci\u00f3n ingresada en los sistemas de gesti\u00f3n.<\/p>\n\n\n\n<p class=\"has-medium-font-size wp-block-paragraph\"><strong>\u00bfPor qu\u00e9 es importante?<\/strong><\/p>\n\n\n\n<p class=\"has-medium-font-size wp-block-paragraph\">Porque los software de administraci\u00f3n concentran informaci\u00f3n cr\u00edtica para la comunidad :<\/p>\n\n\n\n<ul class=\"wp-block-list\">\n<li class=\"has-medium-font-size\">Registro de ingresos y egresos<\/li>\n\n\n\n<li class=\"has-medium-font-size\">Control de gastos comunes<\/li>\n\n\n\n<li class=\"has-medium-font-size\">Estados de pago de copropietarios<\/li>\n\n\n\n<li class=\"has-medium-font-size\">Proveedores y obligaciones pendientes<\/li>\n\n\n\n<li class=\"has-medium-font-size\">Informes de balance y reportes financieros<\/li>\n<\/ul>\n\n\n\n<p class=\"has-medium-font-size wp-block-paragraph\">Si los datos est\u00e1n mal imputados, incompletos o desactualizados, los informes que se generan como balances y liquidaciones de gastos comunes pueden contener errores que afecten directamente la toma de decisiones del Comit\u00e9 de Administraci\u00f3n.<\/p>\n\n\n\n<p class=\"has-medium-font-size wp-block-paragraph\">En <strong>WORKGROUPS<\/strong> auditamos tanto la gesti\u00f3n administrativa como la informaci\u00f3n contenida en los sistemas, asegurando que los datos reflejen fielmente la realidad financiera y operativa de la comunidad.<\/p>\n\n\n\n<p class=\"has-medium-font-size wp-block-paragraph\"><strong>Las decisiones acertadas dependen de informaci\u00f3n de calidad.<\/strong><\/p>\n\n\n\n<p class=\"wp-block-paragraph\"><\/p>\n","protected":false},"excerpt":{"rendered":"<p>En WORKGROUPS contamos con m\u00e1s de 20 a\u00f1os de trayectoria especializada en auditor\u00edas para comunidades. Nuestro trabajo est\u00e1 enfocado en promover la transparencia, la eficiencia&hellip;<\/p>\n","protected":false},"author":1,"featured_media":0,"parent":0,"menu_order":2,"comment_status":"closed","ping_status":"closed","template":"","meta":{"_crdt_document":"","footnotes":""},"class_list":["post-1217","page","type-page","status-publish","hentry"],"_links":{"self":[{"href":"https:\/\/cpdiseno.cl\/index.php\/wp-json\/wp\/v2\/pages\/1217","targetHints":{"allow":["GET"]}}],"collection":[{"href":"https:\/\/cpdiseno.cl\/index.php\/wp-json\/wp\/v2\/pages"}],"about":[{"href":"https:\/\/cpdiseno.cl\/index.php\/wp-json\/wp\/v2\/types\/page"}],"author":[{"embeddable":true,"href":"https:\/\/cpdiseno.cl\/index.php\/wp-json\/wp\/v2\/users\/1"}],"replies":[{"embeddable":true,"href":"https:\/\/cpdiseno.cl\/index.php\/wp-json\/wp\/v2\/comments?post=1217"}],"version-history":[{"count":3,"href":"https:\/\/cpdiseno.cl\/index.php\/wp-json\/wp\/v2\/pages\/1217\/revisions"}],"predecessor-version":[{"id":2170,"href":"https:\/\/cpdiseno.cl\/index.php\/wp-json\/wp\/v2\/pages\/1217\/revisions\/2170"}],"wp:attachment":[{"href":"https:\/\/cpdiseno.cl\/index.php\/wp-json\/wp\/v2\/media?parent=1217"}],"curies":[{"name":"wp","href":"https:\/\/api.w.org\/{rel}","templated":true}]}}